s the thousands digit of 333394819?
4
What is the units digit of 22104797?
7
What is the tens digit of 582617914?
1
What is the hundreds digit of 33511694?
6
What is the thousands digit of 187582369?
2
What is the hundred millions digit of 337679163?
3
What is the millions digit of 6283426218?
3
What is the units digit of 1235272675?
5
What is the ten millions digit of 60644571?
6
What is the hundred thousands digit of 61570844?
5
What is the thousands digit of 869447787?
7
What is the ten thousands digit of 95921859?
2
What is the hundred thousands digit of 1073350745?
3
What is the hundred thousands digit of 14110837?
1
What is the millions digit of 6599589144?
9
What is the ten thousands digit of 49300442?
0
What is the millions digit of 16293902?
6
What is the thousands digit of 1871745356?
5
What is the ten thousands digit of 10187657?
8
What is the ten thousands digit of 33332669?
3
What is the thousands digit of 1144400037?
0
What is the ten millions digit of 54049120?
5
What is the tens digit of 271330212?
1
What is the hundreds digit of 57534112?
1
What is the hundred thousands digit of 335266117?
2
What is the hundreds digit of 321397?
3
What is the thousands digit of 1727624975?
4
What is the ten thousands digit of 51558638?
5
What is the thousands digit of 22524348?
4
What is the units digit of 20938779?
9
What is the hundred thousands digit of 1051153398?
1
What is the millions digit of 1837972432?
7
What is the ten thousands digit of 32182117?
8
What is the tens digit of 498614680?
8
What is the hundred thousands digit of 3622754207?
7
What is the hundred millions digit of 2447123032?
4
What is the ten millions digit of 27304438?
2
What is the hundred millions digit of 580387127?
5
What is the ten thousands digit of 550601579?
0
What is the hundred thousands digit of 5977183?
9
What is the thousands digit of 343020100?
0
What is the ten thousands digit of 6244231?
4
What is the hundreds digit of 1137998532?
5
What is the millions digit of 888728322?
8
What is the hundred thousands digit of 49529431?
5
What is the tens digit of 1731759?
5
What is the hundred thousands digit of 103849225?
8
What is the ten thousands digit of 16796512?
9
What is the units digit of 228520460?
0
What is the millions digit of 66556229?
6
What is the tens digit of 910212966?
6
What is the units digit of 23234091?
1
What is the hundred millions digit of 157827391?
1
What is the ten thousands digit of 98579360?
7
What is the millions digit of 329504940?
9
What is the ten thousands digit of 3315480513?
8
What is the thousands digit of 1790605281?
5
What is the hundreds digit of 46726597?
5
What is the hundred millions digit of 417359087?
4
What is the thousands digit of 59285433?
5
What is the ten thousands digit of 1223596187?
9
What is the hundred thousands digit of 686354396?
3
What is the hundreds digit of 212485202?
2
What is the thousands digit of 1197519602?
9
What is the ten thousands digit of 58771193?
7
What is the ten millions digit of 684494995?
8
What is the ten thousands digit of 353676843?
7
What is the tens digit of 2592456?
5
What is the thousands digit of 355052777?
2
What is the hundreds digit of 6581060?
0
What is the hundreds digit of 54247352?
3
What is the millions digit of 530709482?
0
What is the tens digit of 68278426?
2
What is the tens digit of 513747044?
4
What is the tens digit of 215705293?
9
What is the millions digit of 799370753?
9
What is the tens digit of 157544983?
8
What is the units digit of 891981112?
2
What is the billions digit of 2102612205?
2
What is the hundreds digit of 52953170?
1
What is the ten millions digit of 2212315328?
1
What is the hundred millions digit of 608581805?
6
What is the tens digit of 939487961?
6
What is the hundred thousands digit of 720705075?
7
What is the millions digit of 51353646?
1
What is the hundreds digit of 63953504?
5
What is the billions digit of 4195090385?
4
What is the thousands digit of 140946507?
6
What is the ten millions digit of 566489862?
6
What is the ten thousands digit of 550924147?
2
What is the hundreds digit of 323843986?
9
What is the units digit of 31076500?
0
What is the millions digit of 122588587?
2
What is the ten millions digit of 12952927?
1
What is the thousands digit of 1474095766?
5
What is the units digit of 135219232?
2
What is the hundreds digit of 282028648?
6
What is the ten thousands digit of 1389828193?
2
What is the millions digit of 91057182?
1
What is the millions digit of 356665623?
6
What is the tens digit of 917106630?
3
What is the tens digit of 6691508?
0
What is the units digit of 5620879?
9
What is the hundreds digit of 453186897?
8
What is the hundred millions digit of 597137808?
5
What is the units digit of 54149067?
7
What is the hundreds digit of 27242969?
9
What is the ten millions digit of 5541246307?
4
What is the millions digit of 339278822?
9
What is the thousands digit of 171590953?
0
What is the tens digit of 2594624703?
0
What is the millions digit of 1272874336?
2
What is the tens digit of 3699762644?
4
What is the thousands digit of 29110263?
0
What is the ten thousands digit of 245955294?
5
What is the tens digit of 127919610?
1
What is the hundred thousands digit of 44280890?
2
What is the ten millions digit of 128211412?
2
What is the thousands digit of 2650370750?
0
What is the millions digit of 5977202?
5
What is the ten millions digit of 32452151?
3
What is the hundreds digit of 402165269?
2
What is the tens digit of 69099020?
2
What is the millions digit of 380954751?
0
What is the ten thousands digit of 578667837?
6
What is the millions digit of 138050495?
8
What is the hundred thousands digit of 3645648286?
6
What is the millions digit of 373701602?
3
What is the hundred millions digit of 2258486761?
2
What is the hundred millions digit of 678771587?
6
What is the ten thousands digit of 44840111?
4
What is the thousands digit of 424167557?
7
What is the millions digit of 3388193486?
8
What is the thousands digit of 1072260?
2
What is the tens digit of 1738499125?
2
What is the billions digit of 4952957397?
4
What is the units digit of 7930375749?
9
What is the millions digit of 72279254?
2
What is the thousands digit of 29294987?
4
What is the hundred millions digit of 1244824340?
2
What is the tens digit of 1088945633?
3
What is the millions digit of 407583890?
7
What is the tens digit of 6847676?
7
What is the tens digit of 54134735?
3
What is the tens digit of 396674749?
4
What is the ten thousands digit of 294642165?
4
What is the thousands digit of 606127290?
7
What is the thousands digit of 54534110?
4
What is the ten millions digit of 7546750830?
4
What is the hundred thousands digit of 235116672?
1
What is the hundreds digit of 1302459383?
3
What is the hundred millions digit of 140924368?
1
What is the thousands digit of 270556587?
6
What is the units digit of 36737178?
8
What is the units digit of 467439850?
0
What is the ten millions digit of 63046572?
6
What is the units digit of 28666911?
1
What is the ten thousands digit of 64066854?
6
What is the millions digit of 374480049?
4
What is the units digit of 56388178?
8
What is the ten thousands digit of 672427090?
2
What is the millions digit of 24251383?
4
What is the hundreds digit of 63640163?
1
What is the hundreds digit of 324371894?
8
What is the tens digit of 125829276?
7
What is the ten thousands digit of 307197873?
9
What is the ten thousands digit of 276795260?
9
What is the hundred thousands digit of 869335123?
3
What is the hundred thousands digit of 38484142?
4
What is the ten thousands digit of 815257924?
5
What is the units digit of 13733264?
4
What is the ten thousands digit of 3673303?
7
What is the thousands digit of 17775748?
5
What is the millions digit of 507746591?
7
What is the ten millions digit of 878469010?
7
What is the ten millions digit of 552108066?
5
What is the thousands digit of 158603434?
3
What is the ten millions digit of 1021409428?
2
What is the hundred millions digit of 287347482?
2
What is the units digit of 2638350230?
0
What is the hundred thousands digit of 653293687?
2
What is the thousands digit of 1456207530?
7
What is the tens digit of 45141467?
6
What is the hundred thousands digit of 5697553490?
5
W